{"id":10,"date":"2021-12-24T16:43:02","date_gmt":"2021-12-24T16:43:02","guid":{"rendered":"https:\/\/wachsmuth-logistik.de\/?page_id=10"},"modified":"2022-02-10T11:59:19","modified_gmt":"2022-02-10T11:59:19","slug":"startseite","status":"publish","type":"page","link":"https:\/\/wachsmuth-logistik.de\/","title":{"rendered":"Startseite"},"content":{"rendered":"\n<p>Wachsmuth Logistik ist ein inhabergef\u00fchrtes Transportunternehmen mit Sitz in Garbsen bei Hannover das in Deutschland seit 2018 erfolgreich t\u00e4tig ist. Auch f\u00fcr andere europ\u00e4ische L\u00e4nder, wie beispielsweise Polen oder Spanien, stehen wir unseren Kunden zur Verf\u00fcgung. Spezialisiert auf den Transport im Systemverkehr, bieten wir dar\u00fcber hinaus auch L\u00f6sungen im St\u00fcckgut- und Teilladungsverkehr an. Dabei haben wir uns zu einem zuverl\u00e4ssigen Partner f\u00fcr Industrie, Handel und Messe entwickelt.<\/p>\n\n\n\n<p>Transporte sollen in diesen Zeiten vor allem sicher und p\u00fcnktlich vonstattengehen. Das sind zwei Zielsetzungen, die nur aufgrund einer durchdachten und fundierten Planung m\u00f6glich werden. Wir haben es uns zur Aufgabe gemacht, umweltgerechte und ressourceneffiziente Prozesse zu schaffen. Weniger Schadstoffaussto\u00df, weniger Kraftstoffverbrauch: Alle ziehenden Einheiten von Wachsmuth Logistik erf\u00fcllen die zeitgem\u00e4\u00dfe Euro-6-Technik.<\/p>\n\n\n\n<p>Unser moderner Fuhrpark und die versierten Mitarbeiter unseres Hauses garantieren Ihnen beste Transportl\u00f6sungen im mitteleurop\u00e4ischen Lastverkehr. Hierbei spielt auch die Motivation und F\u00f6rderung sowie Weiterbildung der Mitarbeiter eine wichtige Rolle. Und auch, wenn jede\/r allein in seinem LKW unterwegs ist, stellen wir trotzdem ein gutes Team dar, welches von einem regelm\u00e4\u00dfigen Austausch lebt.<\/p>\n\n\n\n<p>Vorwiegend kommen bei uns Fahrzeuge der Hersteller DAF, Scania und Mercedes-Benz zum Einsatz. F\u00fcr gezogene Einheiten nutzen wir die Koffer- und Planenauflieger der Firma Schmitz-Cargobull. Die st\u00e4ndige \u00dcberpr\u00fcfung, Pflege und Instandhaltung unseres Fuhrparks ist f\u00fcr uns eine Selbstverst\u00e4ndlichkeit \u2013 und der Schl\u00fcssel f\u00fcr die \u00e4u\u00dferste Zuverl\u00e4ssigkeit unserer Fahrzeuge. Unsere Kunden verstehen uns mehr als Partner denn als Dienstleister, denn wir setzen auf kompetente Prozessberatung und eine kooperative Zusammenarbeit.<\/p>\n\n\n\n<p>Auch f\u00fcr Ihren Bedarf erstellen wir Ihnen gern ein optimiertes und zuverl\u00e4ssiges Transportangebot. Schreiben Sie uns gern eine E-Mail.<\/p>\n\n\n\n<p><strong><em>info@wachsmuth-logistik.de<\/em><\/strong><\/p>\n\n\n\n<h2 class=\"wp-block-heading\" id=\"komplettladungsverkehre\">Komplettladungsverkehre<\/h2>\n\n\n\n<figure class=\"wp-block-gallery has-nested-images columns-default is-cropped wp-block-gallery-1 is-layout-flex wp-block-gallery-is-layout-flex\">\n<figure class=\"wp-block-image size-large\"><img loading=\"lazy\" decoding=\"async\" width=\"751\" height=\"751\" data-id=\"100\" src=\"https:\/\/wachsmuth-logistik.de\/wp-content\/uploads\/2022\/02\/IMG_20190924_195709_301.jpg\" alt=\"\" class=\"wp-image-100\" srcset=\"https:\/\/wachsmuth-logistik.de\/wp-content\/uploads\/2022\/02\/IMG_20190924_195709_301.jpg 751w, https:\/\/wachsmuth-logistik.de\/wp-content\/uploads\/2022\/02\/IMG_20190924_195709_301-300x300.jpg 300w, https:\/\/wachsmuth-logistik.de\/wp-content\/uploads\/2022\/02\/IMG_20190924_195709_301-150x150.jpg 150w\" sizes=\"(max-width: 751px) 100vw, 751px\" \/><\/figure>\n\n\n\n<figure class=\"wp-block-image size-large\"><img loading=\"lazy\" decoding=\"async\" width=\"1811\" height=\"1804\" data-id=\"108\" src=\"https:\/\/wachsmuth-logistik.de\/wp-content\/uploads\/2022\/02\/IMG_20200620_012612_073-scaled-e1644486153455.jpg\" alt=\"\" class=\"wp-image-108\" srcset=\"https:\/\/wachsmuth-logistik.de\/wp-content\/uploads\/2022\/02\/IMG_20200620_012612_073-scaled-e1644486153455.jpg 1811w, https:\/\/wachsmuth-logistik.de\/wp-content\/uploads\/2022\/02\/IMG_20200620_012612_073-scaled-e1644486153455-300x300.jpg 300w, https:\/\/wachsmuth-logistik.de\/wp-content\/uploads\/2022\/02\/IMG_20200620_012612_073-scaled-e1644486153455-1024x1020.jpg 1024w, https:\/\/wachsmuth-logistik.de\/wp-content\/uploads\/2022\/02\/IMG_20200620_012612_073-scaled-e1644486153455-150x150.jpg 150w, https:\/\/wachsmuth-logistik.de\/wp-content\/uploads\/2022\/02\/IMG_20200620_012612_073-scaled-e1644486153455-768x765.jpg 768w, https:\/\/wachsmuth-logistik.de\/wp-content\/uploads\/2022\/02\/IMG_20200620_012612_073-scaled-e1644486153455-1536x1530.jpg 1536w\" sizes=\"(max-width: 1811px) 100vw, 1811px\" \/><\/figure>\n<\/figure>\n\n\n\n<p><\/p>\n\n\n\n<h2 class=\"wp-block-heading\" id=\"teilladungsverkehre\">Teilladungsverkehre<\/h2>\n\n\n\n<figure class=\"wp-block-gallery has-nested-images columns-default is-cropped wp-block-gallery-2 is-layout-flex wp-block-gallery-is-layout-flex\">\n<figure class=\"wp-block-image size-large\"><img loading=\"lazy\" decoding=\"async\" width=\"1960\" height=\"1960\" data-id=\"90\" src=\"https:\/\/wachsmuth-logistik.de\/wp-content\/uploads\/2022\/02\/16.jpg\" alt=\"\" class=\"wp-image-90\" srcset=\"https:\/\/wachsmuth-logistik.de\/wp-content\/uploads\/2022\/02\/16.jpg 1960w, https:\/\/wachsmuth-logistik.de\/wp-content\/uploads\/2022\/02\/16-300x300.jpg 300w, https:\/\/wachsmuth-logistik.de\/wp-content\/uploads\/2022\/02\/16-1024x1024.jpg 1024w, https:\/\/wachsmuth-logistik.de\/wp-content\/uploads\/2022\/02\/16-150x150.jpg 150w, https:\/\/wachsmuth-logistik.de\/wp-content\/uploads\/2022\/02\/16-768x768.jpg 768w, https:\/\/wachsmuth-logistik.de\/wp-content\/uploads\/2022\/02\/16-1536x1536.jpg 1536w\" sizes=\"(max-width: 1960px) 100vw, 1960px\" \/><\/figure>\n\n\n\n<figure class=\"wp-block-image size-large\"><img loading=\"lazy\" decoding=\"async\" width=\"1794\" height=\"1794\" data-id=\"91\" src=\"https:\/\/wachsmuth-logistik.de\/wp-content\/uploads\/2022\/02\/20.jpg\" alt=\"\" class=\"wp-image-91\" srcset=\"https:\/\/wachsmuth-logistik.de\/wp-content\/uploads\/2022\/02\/20.jpg 1794w, https:\/\/wachsmuth-logistik.de\/wp-content\/uploads\/2022\/02\/20-300x300.jpg 300w, https:\/\/wachsmuth-logistik.de\/wp-content\/uploads\/2022\/02\/20-1024x1024.jpg 1024w, https:\/\/wachsmuth-logistik.de\/wp-content\/uploads\/2022\/02\/20-150x150.jpg 150w, https:\/\/wachsmuth-logistik.de\/wp-content\/uploads\/2022\/02\/20-768x768.jpg 768w, https:\/\/wachsmuth-logistik.de\/wp-content\/uploads\/2022\/02\/20-1536x1536.jpg 1536w\" sizes=\"(max-width: 1794px) 100vw, 1794px\" \/><\/figure>\n<\/figure>\n\n\n\n<p><\/p>\n\n\n\n<h2 class=\"wp-block-heading\" id=\"messe-und-umzugstransporte\">Messe- und Umzugstransporte<\/h2>\n\n\n\n<figure class=\"wp-block-gallery has-nested-images columns-default is-cropped wp-block-gallery-3 is-layout-flex wp-block-gallery-is-layout-flex\">\n<figure class=\"wp-block-image size-large\"><img loading=\"lazy\" decoding=\"async\" width=\"1440\" height=\"1401\" data-id=\"103\" src=\"https:\/\/wachsmuth-logistik.de\/wp-content\/uploads\/2022\/02\/20220202_112146-scaled-e1644485726767.jpg\" alt=\"\" class=\"wp-image-103\" srcset=\"https:\/\/wachsmuth-logistik.de\/wp-content\/uploads\/2022\/02\/20220202_112146-scaled-e1644485726767.jpg 1440w, https:\/\/wachsmuth-logistik.de\/wp-content\/uploads\/2022\/02\/20220202_112146-scaled-e1644485726767-300x292.jpg 300w, https:\/\/wachsmuth-logistik.de\/wp-content\/uploads\/2022\/02\/20220202_112146-scaled-e1644485726767-1024x996.jpg 1024w, https:\/\/wachsmuth-logistik.de\/wp-content\/uploads\/2022\/02\/20220202_112146-scaled-e1644485726767-768x747.jpg 768w\" sizes=\"(max-width: 1440px) 100vw, 1440px\" \/><\/figure>\n<\/figure>\n","protected":false},"excerpt":{"rendered":"<p>Wachsmuth Logistik ist ein inhabergef\u00fchrtes Transportunternehmen mit Sitz in Garbsen bei Hannover das in Deutschland seit 2018 erfolgreich t\u00e4tig ist. Auch f\u00fcr andere europ\u00e4ische L\u00e4nder, wie beispielsweise Polen oder Spanien, stehen wir unseren Kunden zur Verf\u00fcgung. Spezialisiert auf den Transport im Systemverkehr, bieten wir dar\u00fcber hinaus auch L\u00f6sungen im St\u00fcckgut- und Teilladungsverkehr an. Dabei haben&hellip;&nbsp;<a href=\"https:\/\/wachsmuth-logistik.de\/\" class=\"\" rel=\"bookmark\">Weiterlesen &raquo;<span class=\"screen-reader-text\">Startseite<\/span><\/a><\/p>\n","protected":false},"author":1,"featured_media":32,"parent":0,"menu_order":0,"comment_status":"closed","ping_status":"closed","template":"","meta":{"neve_meta_sidebar":"","neve_meta_container":"","neve_meta_enable_content_width":"","neve_meta_content_width":0,"neve_meta_title_alignment":"","neve_meta_author_avatar":"","neve_post_elements_order":"","neve_meta_disable_header":"","neve_meta_disable_footer":"","neve_meta_disable_title":"","footnotes":""},"_links":{"self":[{"href":"https:\/\/wachsmuth-logistik.de\/index.php?rest_route=\/wp\/v2\/pages\/10"}],"collection":[{"href":"https:\/\/wachsmuth-logistik.de\/index.php?rest_route=\/wp\/v2\/pages"}],"about":[{"href":"https:\/\/wachsmuth-logistik.de\/index.php?rest_route=\/wp\/v2\/types\/page"}],"author":[{"embeddable":true,"href":"https:\/\/wachsmuth-logistik.de\/index.php?rest_route=\/wp\/v2\/users\/1"}],"replies":[{"embeddable":true,"href":"https:\/\/wachsmuth-logistik.de\/index.php?rest_route=%2Fwp%2Fv2%2Fcomments&post=10"}],"version-history":[{"count":11,"href":"https:\/\/wachsmuth-logistik.de\/index.php?rest_route=\/wp\/v2\/pages\/10\/revisions"}],"predecessor-version":[{"id":113,"href":"https:\/\/wachsmuth-logistik.de\/index.php?rest_route=\/wp\/v2\/pages\/10\/revisions\/113"}],"wp:featuredmedia":[{"embeddable":true,"href":"https:\/\/wachsmuth-logistik.de\/index.php?rest_route=\/wp\/v2\/media\/32"}],"wp:attachment":[{"href":"https:\/\/wachsmuth-logistik.de\/index.php?rest_route=%2Fwp%2Fv2%2Fmedia&parent=10"}],"curies":[{"name":"wp","href":"https:\/\/api.w.org\/{rel}","templated":true}]}}